ens digit of 17584422?
2
What is the ten thousands digit of 200696?
0
What is the units digit of 4112482?
2
What is the units digit of 4008410?
0
What is the units digit of 101207?
7
What is the units digit of 3338977?
7
What is the tens digit of 13223692?
9
What is the hundred thousands digit of 237054?
2
What is the hundreds digit of 17785240?
2
What is the units digit of 24811188?
8
What is the millions digit of 2641742?
2
What is the hundred thousands digit of 212569?
2
What is the thousands digit of 214340?
4
What is the millions digit of 6123166?
6
What is the hundred thousands digit of 4964907?
9
What is the thousands digit of 15506078?
6
What is the millions digit of 9599051?
9
What is the ten thousands digit of 5858078?
5
What is the millions digit of 18330499?
8
What is the tens digit of 20590111?
1
What is the ten thousands digit of 5179429?
7
What is the units digit of 945474?
4
What is the thousands digit of 309572?
9
What is the hundred thousands digit of 232851?
2
What is the hundred thousands digit of 1059949?
0
What is the tens digit of 170999?
9
What is the millions digit of 11085299?
1
What is the thousands digit of 72466?
2
What is the units digit of 1277295?
5
What is the ten thousands digit of 146300?
4
What is the units digit of 250783?
3
What is the millions digit of 1267628?
1
What is the units digit of 512253?
3
What is the tens digit of 187215?
1
What is the hundreds digit of 5013071?
0
What is the millions digit of 4970039?
4
What is the hundred thousands digit of 7160848?
1
What is the hundred thousands digit of 5314945?
3
What is the thousands digit of 1522740?
2
What is the ten thousands digit of 391308?
9
What is the hundreds digit of 135931?
9
What is the ten millions digit of 11214337?
1
What is the ten thousands digit of 38685?
3
What is the millions digit of 1530599?
1
What is the thousands digit of 5428468?
8
What is the tens digit of 406219?
1
What is the tens digit of 747524?
2
What is the hundred thousands digit of 5917343?
9
What is the millions digit of 3841940?
3
What is the tens digit of 268033?
3
What is the units digit of 516963?
3
What is the ten thousands digit of 344515?
4
What is the millions digit of 5494990?
5
What is the units digit of 1265424?
4
What is the hundred thousands digit of 1984246?
9
What is the thousands digit of 28377098?
7
What is the ten thousands digit of 16458?
1
What is the thousands digit of 162261?
2
What is the millions digit of 2114559?
2
What is the thousands digit of 1320245?
0
What is the hundreds digit of 130686?
6
What is the millions digit of 2577745?
2
What is the hundreds digit of 26608589?
5
What is the ten thousands digit of 35357001?
5
What is the units digit of 11726114?
4
What is the units digit of 85818?
8
What is the tens digit of 423778?
7
What is the tens digit of 4115126?
2
What is the units digit of 25638847?
7
What is the ten thousands digit of 1109403?
0
What is the ten thousands digit of 216175?
1
What is the units digit of 1870587?
7
What is the millions digit of 1203760?
1
What is the thousands digit of 7921637?
1
What is the ten thousands digit of 50122?
5
What is the thousands digit of 894069?
4
What is the tens digit of 3330617?
1
What is the tens digit of 1124659?
5
What is the ten thousands digit of 43627?
4
What is the hundred thousands digit of 248009?
2
What is the hundred thousands digit of 1669394?
6
What is the thousands digit of 188712?
8
What is the thousands digit of 522809?
2
What is the millions digit of 8423722?
8
What is the units digit of 1301589?
9
What is the hundred thousands digit of 192283?
1
What is the thousands digit of 297598?
7
What is the millions digit of 1985623?
1
What is the hundreds digit of 286820?
8
What is the hundreds digit of 57929?
9
What is the ten thousands digit of 212576?
1
What is the thousands digit of 52940?
2
What is the units digit of 11737?
7
What is the units digit of 219933?
3
What is the hundreds digit of 53184?
1
What is the thousands digit of 106645?
6
What is the tens digit of 68511?
1
What is the tens digit of 347214?
1
What is the hundreds digit of 487654?
6
What is the hundred thousands digit of 177734?
1
What is the millions digit of 7469346?
7
What is the tens digit of 12687125?
2
What is the hundred thousands digit of 2520033?
5
What is the thousands digit of 779017?
9
What is the tens digit of 307326?
2
What is the ten thousands digit of 6218313?
1
What is the ten thousands digit of 488160?
8
What is the ten thousands digit of 2281539?
8
What is the ten thousands digit of 53678?
5
What is the tens digit of 6479205?
0
What is the ten thousands digit of 509191?
0
What is the thousands digit of 4382819?
2
What is the ten thousands digit of 1847827?
4
What is the millions digit of 1790923?
1
What is the units digit of 1548578?
8
What is the thousands digit of 3670689?
0
What is the hundreds digit of 221348?
3
What is the hundreds digit of 132031?
0
What is the hundreds digit of 1365?
3
What is the hundreds digit of 204893?
8
What is the thousands digit of 7472250?
2
What is the hundreds digit of 111562?
5
What is the hundreds digit of 144393?
3
What is the ten thousands digit of 2199640?
9
What is the units digit of 148871?
1
What is the hundreds digit of 749307?
3
What is the millions digit of 4371271?
4
What is the hundred thousands digit of 4909346?
9
What is the ten millions digit of 12006818?
1
What is the hundreds digit of 4340834?
8
What is the thousands digit of 606766?
6
What is the ten thousands digit of 96812?
9
What is the thousands digit of 518152?
8
What is the hundreds digit of 1787292?
2
What is the units digit of 18414517?
7
What is the millions digit of 7787268?
7
What is the hundred thousands digit of 4964225?
9
What is the hundreds digit of 179963?
9
What is the millions digit of 4914806?
4
What is the units digit of 840557?
7
What is the hundreds digit of 199354?
3
What is the hundreds digit of 559821?
8
What is the tens digit of 253045?
4
What is the hundreds digit of 4636896?
8
What is the hundreds digit of 52909?
9
What is the tens digit of 10078706?
0
What is the hundred thousands digit of 4353934?
3
What is the tens digit of 89692?
9
What is the millions digit of 1469972?
1
What is the ten thousands digit of 6491764?
9
What is the millions digit of 4228471?
4
What is the units digit of 2219599?
9
What is the thousands digit of 517039?
7
What is the tens digit of 192711?
1
What is the thousands digit of 14717860?
7
What is the units digit of 111275?
5
What is the ten thousands digit of 5040470?
4
What is the thousands digit of 8951?
8
What is the tens digit of 5373608?
0
What is the tens digit of 5106202?
0
What is the units digit of 933420?
0
What is the tens digit of 395811?
1
What is the hundreds digit of 1449092?
0
What is the units digit of 50916?
6
What is the tens digit of 81043?
4
What is the ten thousands digit of 28340?
2
What is the units digit of 73254?
4
What is the hundred thousands digit of 6544590?
5
What is the tens digit of 3673298?
9
What is the hundreds digit of 79548?
5
What is the millions digit of 21499559?
1
What is the units digit of 1042896?
6
What is the hundreds digit of 33167172?
1
What is the thousands digit of 139508?
9
What is the thousands digit of 2096989?
6
What is the thousands digit of 7218509?
8
What is the thousands digit of 25527109?
7
What is the units digit of 11646601?
1
What is the hundreds digit of 336614?
6
What is the hundred thousands digit of 485594?
4
What is the units digit of 22204?
4
What is the hundreds digit of 1453879?
8
What is the ten millions digit of 22130458?
2
What is the ten thousands digit of 66239?
6
What is the units digit of 11399093?
3
What is the ten thousands digit of 639482?
3
What is the units digit of 11742127?
7
What is the thousands digit of 86395?
6
What is the hundred thousands digit of 14714887?
7
What is the ten millions digit of 19232984?
1
What is the millions digit of 2226022?
2
What is the hundreds digit of 712271?
2
What is the hundreds digit of 184552?
5
What is the hundreds digit of 10591036?
0
What is the units digit of 2056001?
1
What is the hundred thousands digit of 1542508?
5
What is the millions digit of 3351406?
3
What is the units digit of 88136?
6
What is the tens